 multiple of 23?
False
Is 5 a factor of 66300?
True
Is 70 a factor of 22610?
True
Is 2423456 a multiple of 14?
True
Is 12 a factor of 475960?
False
Is 30 a factor of 8166289?
False
Is 31 a factor of 869550?
True
Is 17 a factor of 176511?
True
Does 22 divide 2748500?
False
Is 824 a factor of 2421508?
False
Is 13332022 a multiple of 121?
True
Does 830 divide 1594251?
False
Does 39 divide 465447?
False
Does 39 divide 346281?
True
Is 1540588 a multiple of 496?
False
Is 44075 a multiple of 24?
False
Is 571320 a multiple of 138?
True
Does 73 divide 9314?
False
Does 317 divide 692?
False
Is 136 a factor of 20672?
True
Is 51 a factor of 6674876?
False
Does 37 divide 1540830?
False
Does 27 divide 32202?
False
Is 18 a factor of 7170?
False
Does 15 divide 797526?
False
Is 268 a factor of 623904?
True
Does 442 divide 260085?
False
Is 316030 a multiple of 22?
True
Is 211 a factor of 494091?
False
Is 2516384 a multiple of 46?
True
Is 1428771 a multiple of 202?
False
Is 19 a factor of 4063802?
False
Is 139388 even?
True
Is 101136 a multiple of 19?
False
Is 951818 a multiple of 792?
False
Is 11 a factor of 934275?
False
Does 269 divide 255670?
False
Is 119 a factor of 845739?
False
Is 313912 a multiple of 57?
False
Does 106 divide 20222?
False
Is 9664683 a multiple of 15?
False
Is 55125 a multiple of 147?
True
Is 17 a factor of 179379?
False
Is 42 a factor of 20996?
False
Does 189 divide 3649968?
True
Is 185755 a multiple of 4?
False
Is 36686 a multiple of 26?
True
Does 17 divide 999770?
True
Does 14 divide 164018?
False
Is 6 a factor of 88350?
True
Is 84 a factor of 6017256?
True
Is 2 a factor of 1561?
False
Does 4 divide 1098637?
False
Does 51 divide 162126?
False
Does 539 divide 3419572?
False
Is 368 a factor of 7357262?
False
Does 10 divide 80213?
False
Does 449 divide 609293?
True
Is 89 a factor of 2037793?
False
Is 81 a factor of 9586935?
False
Is 27 a factor of 1077874?
False
Does 802 divide 10794428?
False
Is 231702 a multiple of 23?
True
Is 65 a factor of 291736?
False
Is 42 a factor of 8033256?
True
Is 272 a factor of 2259490?
False
Is 15 a factor of 831882?
False
Is 36 a factor of 4767192?
True
Is 369 a factor of 1477199?
False
Does 281 divide 458873?
True
Is 34 a factor of 2494716?
True
Is 167 a factor of 20855316?
False
Does 260 divide 666700?
False
Is 18576 a multiple of 36?
True
Is 205 a factor of 747020?
True
Is 112846 a multiple of 327?
False
Does 365 divide 123370?
True
Is 145222 a multiple of 322?
True
Does 124 divide 1475213?
False
Is 199 a factor of 600855?
False
Is 807840 a multiple of 108?
True
Is 458928 a multiple of 581?
False
Is 5184333 a multiple of 11?
True
Is 100 a factor of 1288028?
False
Is 45030 a multiple of 38?
True
Is 891457 a multiple of 11?
False
Is 2029482 a multiple of 483?
False
Is 5 a factor of 714412?
False
Is 3 a factor of 15354?
True
Does 306 divide 590613?
False
Is 9360 a multiple of 130?
True
Does 2221 divide 18581223?
False
Is 2654367 a multiple of 67?
False
Is 86 a factor of 116433?
False
Is 34 a factor of 1381909?
False
Is 10202069 a multiple of 31?
True
Is 522 a factor of 85086?
True
Is 27 a factor of 1100034?
True
Is 117160 a multiple of 10?
True
Does 4 divide 32004?
True
Does 6 divide 21443?
False
Does 18 divide 5017824?
True
Is 63 a factor of 52542?
True
Does 175 divide 3442636?
False
Does 37 divide 2171721?
False
Is 24984553 a multiple of 46?
False
Is 10 a factor of 2113192?
False
Is 6 a factor of 356746?
False
Does 2 divide 37438?
True
Does 57 divide 73359?
True
Is 71 a factor of 1738790?
True
Does 59 divide 599405?
False
Is 179085 a multiple of 15?
True
Is 8636427 a multiple of 294?
False
Is 1149293 a multiple of 545?
False
Does 159 divide 13451241?
True
Is 19537 a multiple of 36?
False
Does 203 divide 5075?
True
Is 61 a factor of 542229?
True
Is 27 a factor of 222556?
False
Does 14 divide 1136095?
False
Is 26 a factor of 318760?
True
Does 1224 divide 3165920?
False
Does 323 divide 243219?
True
Is 3061486 a multiple of 47?
True
Is 1058928 a multiple of 29?
False
Does 34 divide 101898?
True
Is 45 a factor of 1492254?
False
Is 2401380 a multiple of 31?
False
Does 11 divide 6431326?
True
Is 541566 a multiple of 18?
True
Is 14 a factor of 13113807?
False
Does 18 divide 95325?
False
Does 569 divide 315795?
True
Does 18 divide 642438?
True
Does 273 divide 76167?
True
Does 11 divide 16203?
True
Is 176 a factor of 111478?
False
Does 41 divide 78643?
False
Is 3994721 a multiple of 236?
False
Does 97 divide 478792?
True
Is 429 a factor of 755040?
True
Is 272936 a multiple of 206?
False
Is 197497 a multiple of 16?
False
Is 2 a factor of 31641?
False
Does 13 divide 13737?
False
Is 856 a factor of 151751?
False
Does 70 divide 47320?
True
Is 720 a factor of 55789?
False
Does 73 divide 2511638?
True
Does 3 divide 61776?
True
Is 1267026 a multiple of 47?
True
Does 70 divide 1925569?
False
Is 1196862 a multiple of 43?
True
Does 1909 divide 22757189?
True
Is 16 a factor of 8003088?
True
Is 11 a factor of 41451?
False
Is 861356 a multiple of 20?
False
Is 37 a factor of 274074?
False
Is 43 a factor of 29541?
True
Is 322518 a multiple of 147?
True
Does 330 divide 2293185?
False
Does 8 divide 3294398?
False
Is 141375 a multiple of 435?
True
Does 111 divide 1903650?
True
Is 5 a factor of 806180?
True
Is 10078600 a multiple of 920?
True
Is 1302864 a multiple of 298?
False
Does 7 divide 3267397?
True
Does 47 divide 1555841?
True
Does 77 divide 18506?
False
Is 60 a factor of 19903057?
False
Does 784 divide 865399?
False
Does 53 divide 290705?
True
Is 18528635 a multiple of 26?
False
Is 100684 a multiple of 76?
False
Does 97 divide 173652?
False
Is 1164954 a multiple of 14?
True
Is 79 a factor of 2392706?
False
Is 174159 a multiple of 408?
False
Is 213 a factor of 365295?
True
Is 609444 a multiple of 11?
True
Is 219 a factor of 645457?
False
Does 164 divide 3814476?
True
Is 7817515 a multiple of 343?
False
Is 1571604 a multiple of 366?
True
Is 79 a factor of 740625?
True
Does 149 divide 119554?
False
Is 3 a factor of 6730?
False
Is 5 a factor of 1360758?
False
Does 4 divide 1230704?
True
Is 315077 a multiple of 82?
False
Does 253 divide 591767?
True
Is 10626 a multiple of 7?
True
Does 82 divide 1107936?
False
Does 50 divide 330779?
False
Is 3614003 a multiple of 988?
False
Is 44 a factor of 9680?
True
Does 2 divide 5899?
False
Does 5 divide 49460?
True
Is 106623 a multiple of 11?
True
Does 17 divide 49776?
True
Does 176 divide 257196?
False
Is 169219 a multiple of 254?
False
Is 17690021 a multiple of 299?
False
Is 30187 a multiple of 146?
False
Is 34162 a multiple of 38?
True
Is 971540 a multiple of 51?
False
Does 10 divide 321740?
True
Is 765123 a multiple of 113?
True
Is 21 a factor of 984873?
False
Is 3 a factor of 8754?
True
Does 4 divide 41630?
False
Is 119 a factor of 2839340?
True
Is 388700 a multiple of 26?
True
Does 22 divide 423368?
True
Does 315 divide 26460?
True
Is 122157 a multiple of 45?
False
Does 13 divide 229986?
False
Is 567 a factor of 5650155?
True
Is 21879851 a multiple of 199?
True
Does 19 divide 121385?
False
Is 202 a factor of 7070?
True
Is 344862 a multiple of 138?
True
Does 140 divide 1063440?
True
Is 9 a factor of 593654?
False
Is 304 a factor of 1035120?
True
Does 81 divide 19799?
False
Is 91400 a multiple of 8?
True
Is 20 a factor of 7203444?
False
Does 24 divide 7274885?
False
Does 66 divide 3099930?
False
Is 249270 a multiple of 30?
True
Does 60 divide 2942580?
True
Is 192 a factor of 501260?
False
Does 86 divide 14682417?
False
Is 81 a factor of 73205?
False
Is 398115 a multiple of 135?
True
Is 87 a factor of 659808?
True
Is 121254 a multiple of 225?
False
Does 121 divide 673384?
False
Is 973 a factor of 4795917?
True
Does 9 divide 21379?
False
Is 289016 a multiple of 16?
False
Does 90 divide 18245160?
True
Is 44 a factor of 847176?
True
Does 59 divide 700330?
True
Is 95 a factor of 6599750?
False
Does 330 divide 323400?
True
Does 19 divide 42693?
True
Is 5044308 a multiple of 313?
True
Does 34 divide 4993104?
True
Is 418 a factor of 1239025?
False
Does 20 divide 36473?
False
Is 2504304 a multiple of 589?
False
Is 4328678 a multiple of 19?
False
Is 259017 a multiple of 47?
True
Is 424 a factor of 14058629?
False
Is 6 a factor of 737496?
True
Is 51 a factor of 23201?
False
Is 4392 a multiple of